(-3). Let k = 43 - x. Suppose 0 = -53*c + 26*c + 108. What is the greatest common factor of k and c?
4
Let b be ((-4)/(-6))/((-10)/(-15)). Let r be -3 + -1 + b + 233. What is the greatest common factor of r and 23?
23
Let l = -127 - -238. Calculate the highest common factor of l and 74.
37
Let p be (18/(-4))/(2/(-156)). Let c = 2317 + -2278. What is the greatest common divisor of c and p?
39
Let f be (1 + 0)*-1 - 2. Let t be (f/(-2))/((-3)/(-4)). Suppose -5*o - i + 51 = 0, -2*o - 2904*i + 2908*i = 28. Calculate the highest common divisor of o and t.
2
Suppose 2*r - 719 = 5*k + 19, 0 = -5*r - k + 1845. Calculate the highest common divisor of 18 and r.
9
Let u(o) = -9*o + 116. Let c be u(12). What is the greatest common divisor of c and 5?
1
Let y be (-3)/4 - (-195)/20. Let i be 46/6 - 0 - (-3)/y. What is the highest common divisor of i and 4?
4
Suppose -3 = -2*u + i + 62, 2*i - 2 = 0. What is the highest common factor of u and 2343?
33
Let i = -92 + 170. What is the greatest common divisor of 52 and i?
26
Suppose -2*v = 0, w + 112 = -4*v + 325. Calculate the highest common divisor of 3 and w.
3
Let o = -28 - -51. Let d = -79 + 263. Calculate the highest common divisor of o and d.
23
Let d(z) = 169*z - 2. Let a be d(2). Let s = 1274 - 1226. What is the highest common factor of a and s?
48
Let g = -1171 - -1304. Calculate the greatest common divisor of 19 and g.
19
Suppose -9*q + 5*q + 508 = 4*a, -5*q - 25 = 0. What is the greatest common factor of a and 198?
66
Let w be 383/3 + (-1)/(-3). Suppose 3*z - 240 - 145 - 191 = 0. What is the greatest common factor of w and z?
64
Let x(h) = -h**3 - 6*h**2 - 7*h + 10. Let k be x(-4). What is the greatest common factor of 138 and k?
6
Let l = -67 + 69. Suppose 71 = 2*t - 5*v, -3*v - 15 = l*v. Calculate the highest common factor of t and 42.
14
Suppose 0*l - 3*l = -42. Suppose -2*c + 9 + 1 = 0. Suppose 5*z - 136 = -v, z - 8 + 0 = -c*v. Calculate the greatest common factor of z and l.
14
Let x(t) = 23*t**2 - 3*t + 2. Let l be x(2). Suppose 0 = 2*q - 6*q + l. Calculate the greatest common divisor of q and 176.
22
Let j = 262 - 199. What is the greatest common factor of 21 and j?
21
Let y = 9 + -7. Suppose 35 = 4*b + i + 2*i, 0 = y*b - 5*i + 15. Suppose -3*n - b*k + 44 = 0, -4*k + 32 = -n + 3*n. What is the highest common factor of 2 and n?
2
Suppose -27*u = -5*o - 23*u + 2442, -5*o + 5*u + 2440 = 0. Calculate the greatest common factor of 42 and o.
14
Let p(q) = 2*q**2 + 23*q + 18. Let b be p(-12). Calculate the highest common divisor of b and 70.
10
Suppose 4*m - 74 = -0*m - 2*o, -5 = -o. What is the highest common factor of m and 4?
4
Suppose 26*h + 3*m = 22*h + 2746, -5*m = 5*h - 3430. What is the highest common divisor of h and 96?
16
Let n be ((-3)/2)/((-3)/88). Let i = -16 + 13. Let u be (-165)/2*4/i. Calculate the greatest common factor of n and u.
22
Suppose 138*c = 117*c + 1470. Calculate the greatest common divisor of 90 and c.
10
Suppose l - 4*l = 3*d - 78, -d - 99 = -4*l. Suppose 5*m - 5 = -0*w + w, 3*w = -5*m + l. Suppose -h = -w - 7. Calculate the highest common divisor of 18 and h.
6
Suppose 4*t + k + 0*k = 1523, 0 = -3*t + 5*k + 1125. Let b be (-78)/(-4)*t/57. Calculate the highest common factor of 52 and b.
26
Suppose 17*n = -8*n + 7650. What is the greatest common factor of n and 9?
9
Let q be (36/24)/((-2)/(-44)). Calculate the greatest common factor of 297 and q.
33
Let c(q) = -q. Let n(b) = -12. Let u(p) = 6*c(p) + n(p). Let o be u(-5). Suppose 16 = 4*w, 2*w = 2*g + 6*w - o. Calculate the highest common divisor of g and 8.
1
Suppose 0*r = -4*r + 5*s + 14, 2 = s. Let y be -1*(-15 + -3 + 9). What is the highest common factor of y and r?
3
Suppose 283 = -4*s + b, -247 = 2*s - 3*b - 98. Let h be 2 - (-6)/(-4) - s/28. Calculate the greatest common factor of h and 57.
3
Let q be 36995/1359 - 4/18. Calculate the highest common divisor of q and 513.
27
Suppose 2 = -d, 6*x - 5*x - 5*d = 28. What is the highest common factor of x and 114?
6
Let h be (-16)/144 + 1406/18. Calculate the greatest common divisor of h and 12.
6
Let b be (14/7)/(-2) + -1 + -1. Let l(t) = -15*t - 8. Let q be l(b). Calculate the highest common divisor of 111 and q.
37
Suppose 5*y - 102 = -3*f + 98, 80 = 2*y + 4*f. What is the highest common factor of y and 110?
10
Let z = 45 - 39. Suppose 420 + 252 = z*j. What is the greatest common divisor of j and 14?
14
Suppose -72 = 3896*o - 3900*o. What is the highest common factor of o and 81?
9
Let r(g) = 2*g**3 + 15*g**2 + 5*g - 9. Let m be r(-7). Let v(y) = y**2 + 6*y + 4. Let a be v(-4). Let h = a - -9. What is the highest common factor of h and m?
5
Suppose 3*p = -9, 2*v + 6*p = 3*p - 3. Suppose -2*w = -5*w + 672. Suppose -v*l - l + w = 0. Calculate the greatest common factor of l and 14.
14
Suppose 5*l + 0*c = 3*c + 325, 2*c - 65 = -l. Suppose 5*o - 55 = 2*n, 3*n - 37 = -4*o + 6*n. Calculate the highest common divisor of o and l.
13
Suppose -4*z - 3*c = -75, -5*z + 28*c = 31*c - 93. Calculate the greatest common divisor of z and 18.
18
Let o(u) = -2*u**2 - 53*u + 29. Let k be o(-27). Suppose 2*c = -4*g - 0*c + 94, k*g - 3*c - 59 = 0. Calculate the highest common divisor of g and 125.
25
Let a = -52 + 82. What is the greatest common factor of a and 30?
30
Suppose 15 = -3*c, 0*c - 105 = -4*y - 3*c. Calculate the highest common factor of 340 and y.
10
Let o(z) = 0*z**2 - 6*z - 6*z**2 + 7*z**2 - 6. Let h be o(13). Calculate the greatest common divisor of 34 and h.
17
Let x(i) = -151*i**3 + 2*i**2 + 2*i + 1. Let z be x(-1). Let m = -107 + z. What is the greatest common divisor of m and 5?
5
Suppose -2*q = q - 306. Let r be (4/(-3))/(1*(-2)/(-6)). Let d be r/(-5) - (-729)/45. Calculate the highest common factor of d and q.
17
Let a(d) = 433*d**2 + 8*d - 9. Let f be a(1). What is the highest common divisor of f and 48?
48
Let x = 627 - 618. Let f be 2/5 - (-336)/10. Suppose 0 = 5*v - 2*o - 358, -f = -2*v - 3*o + 113. Calculate the highest common factor of v and x.
9
Let g be -1 + 5 + (-3)/(-3). Suppose 0*h = -g*h + 70. Suppose -4*s = -54 - 2. What is the highest common divisor of s and h?
14
Suppose 2*i = -2*y - 4, 0*y - i = 5*y - 6. Suppose -1 - 15 = -y*l. What is the highest common divisor of 16 and l?
8
Let p be -26*((-6)/(-4) - 4). Suppose u - p - 127 = 0. Calculate the highest common divisor of 12 and u.
12
Let t = 4 + 15. Suppose -14*n = -t*n + 460. What is the greatest common factor of n and 23?
23
Let y(w) = w - 18. Let h be y(31). Let p(n) = 2*n**2 - 2 - 6*n + 3 + n. Let b be p(4). What is the greatest common factor of b and h?
13
Let z = 907 - 535. Calculate the highest common divisor of z and 279.
93
Let g = 42 - 43. Let r be ((-6)/3 - g) + 86. Calculate the highest common divisor of 17 and r.
17
Suppose -3*h + 9 = 0, -5*g + 0*h + 271 = -3*h. Suppose g - 70 = -u. What is the highest common divisor of u and 98?
14
Suppose 0 = -4*n + 4*f + 600, 5*n - 2*f = 187 + 569. Calculate the highest common divisor of 8 and n.
8
Suppose 4*m - 3*d = 5*m - 299, -5*m + d + 1495 = 0. What is the highest common divisor of m and 26?
13
Suppose 14*n = 11*n - 87. Let p = n - -38. Suppose 5*m - 4*a - p = 0, -2*m = -m + a. What is the greatest common factor of 7 and m?
1
Suppose k - 2*y + 28 = 156, -y + 261 = 2*k. Let a be 24 + 0 - (0 - 2). Calculate the greatest common factor of k and a.
26
Suppose s = -0*s + 9. Let y(u) = -u + 14. Let d be y(10). Suppose d*c + 72 = v + c, c - 72 = -v. What is the greatest common divisor of s and v?
9
Let s = 38 + -33. Suppose 30 = 4*q - 2*g, 0*g = -q - s*g + 2. Let u be (-3)/((-9)/(-6)) + 23. What is the highest common factor of u and q?
7
Let z = 23 + -12. Let f(k) = -k**2 - 15*k + 37. Let o be f(-17). Suppose w - 199 = -o*q + 167, 3*q - 351 = 4*w. Calculate the highest common factor of z and q.
11
Let a(h) = -h**2 + 43*h + 10. Let i be a(33). Calculate the highest common factor of i and 20.
20
Suppose 0 = 2*a - 6*a + 16. Suppose a*d - 20 = 2*d - 2*c, 2*c + 20 = 3*d. Let s = -5558 + 5574. Calculate the greatest common divisor of d and s.
8
Suppose -2*v = -r - 0 + 4, -5*r + 5 = 5*v. Let m be -4 + 48 - (r + -1). Calculate the greatest common factor of m and 43.
43
Let d(g) = -1. Let z(h) = -h - 3. Let y(n) = -5*d(n) - z(n). Let u be y(10). What is the highes